{"id":925,"date":"2025-01-17T08:21:39","date_gmt":"2025-01-17T07:21:39","guid":{"rendered":"https:\/\/gruene-bag-bildung.de\/?post_type=sunflower_event&#038;p=925"},"modified":"2025-01-17T08:25:50","modified_gmt":"2025-01-17T07:25:50","slug":"bag-sitzung-am-28-und-29-maerz-2025-in-berlin","status":"publish","type":"sunflower_event","link":"https:\/\/gruene-bag-bildung.de\/index.php\/termine\/bag-sitzung-am-28-und-29-maerz-2025-in-berlin\/","title":{"rendered":"BAG Sitzung am 28. und 29. M\u00e4rz 2025 in Berlin"},"content":{"rendered":"\n<p>Am 28. und 29. M\u00e4rz tagen wir in Berlin bei den Baptisten in Sch\u00f6neberg (Hauptstra\u00dfe 125a, 10827 Berlin)<\/p>\n\n\n\n<p><a href=\"https:\/\/gruene-bag-bildung.de\/index.php\/anmeldung-zur-bag-tagung\/\">Hier k\u00f6nnt Ihr Euch anmelden.<\/a><\/p>\n","protected":false},"excerpt":{"rendered":"<p>Am 28. und 29. M\u00e4rz tagen wir in Berlin bei den Baptisten in Sch\u00f6neberg (Hauptstra\u00dfe 125a, 10827 Berlin) Hier k\u00f6nnt Ihr Euch anmelden.<\/p>\n","protected":false},"author":3,"featured_media":926,"comment_status":"closed","ping_status":"closed","template":"","sunflower_event_tag":[],"class_list":["post-925","sunflower_event","type-sunflower_event","status-publish","has-post-thumbnail","hentry"],"_links":{"self":[{"href":"https:\/\/gruene-bag-bildung.de\/index.php\/wp-json\/wp\/v2\/sunflower_event\/925","targetHints":{"allow":["GET"]}}],"collection":[{"href":"https:\/\/gruene-bag-bildung.de\/index.php\/wp-json\/wp\/v2\/sunflower_event"}],"about":[{"href":"https:\/\/gruene-bag-bildung.de\/index.php\/wp-json\/wp\/v2\/types\/sunflower_event"}],"author":[{"embeddable":true,"href":"https:\/\/gruene-bag-bildung.de\/index.php\/wp-json\/wp\/v2\/users\/3"}],"replies":[{"embeddable":true,"href":"https:\/\/gruene-bag-bildung.de\/index.php\/wp-json\/wp\/v2\/comments?post=925"}],"wp:featuredmedia":[{"embeddable":true,"href":"https:\/\/gruene-bag-bildung.de\/index.php\/wp-json\/wp\/v2\/media\/926"}],"wp:attachment":[{"href":"https:\/\/gruene-bag-bildung.de\/index.php\/wp-json\/wp\/v2\/media?parent=925"}],"wp:term":[{"taxonomy":"sunflower_event_tag","embeddable":true,"href":"https:\/\/gruene-bag-bildung.de\/index.php\/wp-json\/wp\/v2\/sunflower_event_tag?post=925"}],"curies":[{"name":"wp","href":"https:\/\/api.w.org\/{rel}","templated":true}]}}

BAG Sitzung am 28. und 29. März 2025 in Berlin

<p>Am 28. und 29. März tagen wir in Berlin bei den Baptisten in Schöneberg (Hauptstraße 125a, 10827 Berlin)</p>



<p><a href="https://gruene-bag-bildung.de/index.php/anmeldung-zur-bag-tagung/">Hier könnt Ihr Euch anmelden.</a></p>

<p>Am 28. und 29. März tagen wir in Berlin bei den Baptisten in Schöneberg (Hauptstraße 125a, 10827 Berlin) Hier könnt Ihr Euch anmelden.</p>
