{"id":127,"date":"2021-11-29T21:01:15","date_gmt":"2021-11-29T20:01:15","guid":{"rendered":"https:\/\/wordpress02.gcms.verdigado.net\/gruene-bag-bildung\/?page_id=127"},"modified":"2021-11-29T21:01:15","modified_gmt":"2021-11-29T20:01:15","slug":"datenschutz","status":"publish","type":"page","link":"https:\/\/gruene-bag-bildung.de\/index.php\/datenschutz\/","title":{"rendered":"Datenschutz"},"content":{"rendered":"\n<p>Wir sind die Partei des Datenschutzes und der B\u00fcrgerrechte. Daher versuchen wir, so wenige personenbezogene Daten wie m\u00f6glich zu speichern und die Daten dabei bestm\u00f6glich zu sch\u00fctzen.<\/p>\n\n\n\n<h2 class=\"wp-block-heading\">Verantwortliche Stelle f\u00fcr die Datenverarbeitung<\/h2>\n\n\n\n<p>B\u00dcNDNIS 90\/DIE GR\u00dcNEN<br>BAG Bildung<br>Platz vor dem Neuen Tor 1<br>10115 Berlin<br>E-Mail: <a href=\"#\" data-unscramble=\"ed.khu-eneurg@gnudlibgab\">bagbildung@gruene-uhk.de<\/a><\/p>\n\n\n\n<p><strong>Den Datenschutzbeauftragten unserer Partei<\/strong> erreichst Du unter:<br>SCO-CON:SULT, Hauptstra\u00dfe 27, 53604 Bad Honnef<br>E-Mail: datenschutz@gruene.de<br>Telefon: 02224\/988290<\/p>\n\n\n\n<h2 class=\"wp-block-heading\">Betroffene Personen<\/h2>\n\n\n\n<p>Die BAG Bildung erhebt und verarbeitet als verantwortliche Stelle personenbezogene Daten \u00fcber<\/p>\n\n\n\n<ol class=\"wp-block-list\"><li>die Mitglieder der BAG Bildung,<\/li><li>Personen, die\u00a0unser Internet-Angebot nutzen,<\/li><li>Personen, die uns per E-Mail kontaktieren.<\/li><\/ol>\n\n\n\n<h2 class=\"wp-block-heading\">Verarbeitungszwecke<\/h2>\n\n\n\n<p>Die Daten werden ausschlie\u00dflich zur zur Bereitstellung einer funktionsf\u00e4higen Internetseite sowie zur Verfolgung der im <a href=\"https:\/\/cms.gruene.de\/uploads\/documents\/BAG-Statut.pdf\">BAG-Statut<\/a> genannten Zwecke verarbeitet.<\/p>\n\n\n\n<h2 class=\"wp-block-heading\">BAG-Mitglieder<\/h2>\n\n\n\n<p>Wenn du Mitglied der BAG Bildung bist, verarbeiten wir in diesem Zusammenhang regelm\u00e4\u00dfig die folgenden Daten:<\/p>\n\n\n\n<ol class=\"wp-block-list\"><li>deinen Vornamen und deinen Nachnamen,<\/li><li>den Beginn (und ggf. das Ende) deiner Mitgliedschaft,<\/li><li>den Status deiner Mitgliedschaft (Delegierte\/Ersatzdelegierte),<\/li><li>die Stelle, die dich delegiert hat,<\/li><li>deine E-Mail-Adresse.<\/li><\/ol>\n\n\n\n<p>Diese Daten k\u00f6nnen von allen anderen Mitgliedern der BAG abgerufen und eingesehen werden.<\/p>\n\n\n\n<p>Wir l\u00f6schen alle personenbezogenen Daten beim Ende deiner Mitgliedschaft.<\/p>\n\n\n\n<p>Wir geben deine Daten ansonsten nicht ohne deine Einwilligung an Dritte weiter.<\/p>\n\n\n\n<h2 class=\"wp-block-heading\">Nutzung der Internetseite<\/h2>\n\n\n\n<p>Wir haben auf unserem Webserver die Erstellung von Protokolldateien (Logfiles) derzeit ausgeschaltet, so dass bei blo\u00dfem Abruf unserer Internetseite keine personenbezogenenen Daten gespeichert werden.<\/p>\n\n\n\n<p>Da das Web-Angebot bei einem Provider gehostet wird, werden die f\u00fcr den Abruf erforderlichen Daten an diesen \u00fcbertragen. Wir haben uns bewusst f\u00fcr einen Provider entschieden, der Datenschutz besonders ernst nimmt, und mit diesem einen entsprechenden Vertrag zur Auftragsdatenverarbeitung geschlossen.<\/p>\n\n\n\n<h2 class=\"wp-block-heading\" id=\"contactform\">E-Mail-Kontakt<\/h2>\n\n\n\n<p>Schreibst du uns eine <a href=\"#\" data-unscramble=\"ed.khu-eneurg@gnudlibgab\">E-Mail<\/a>, so erfassen wir deine E-Mail-Adresse sowie den von dir angegebenen Namen zum Zweck der Beantwortung deiner Anfrage und der Verwendung einer geeigneten Ansprache. Du kannst anstelle deines echten Namens selbstverst\u00e4ndlich auch ein Pseudonym verwenden. Wir speichern deine E-Mail auf unbestimmte Zeit, um bei k\u00fcnftigen Anfragen von dir auf fr\u00fchere Vorg\u00e4nge zur\u00fcckgreifen zu k\u00f6nnen. Eine weitergehende Verarbeitung bzw. Nutzung erfolgt nicht.<\/p>\n\n\n\n<h2 class=\"wp-block-heading\">Cookies<\/h2>\n\n\n\n<p>Bei der Nutzung der \u00f6ffentlichen Teile unserer Internetseite verwenden wir keinerlei Cookies.<\/p>\n\n\n\n<p>Falls du von uns ein Benutzerkonto erhalten hast und dich im WordPress-Bereich dieser Website anmeldest, werden wir ein tempor\u00e4res Cookie setzen, um festzustellen, ob dein Browser Cookies akzeptiert. Dieses Cookie enth\u00e4lt keine personenbezogenen Daten und wird verworfen, wenn du deinen Browser schlie\u00dft. Wenn du dich anmeldest, werden wir einige Cookies einrichten, um deine Anmeldeinformationen und Anzeigeoptionen zu speichern. Anmelde-Cookies verfallen nach zwei Tagen und Cookies f\u00fcr die Anzeigeoptionen nach einem Jahr. Falls du bei der Anmeldung \u201eAngemeldet bleiben\u201c ausw\u00e4hlst, wird deine Anmeldung zwei Wochen lang aufrechterhalten. Mit der Abmeldung aus deinem Konto werden die Anmelde-Cookies gel\u00f6scht. Wenn du einen Artikel bearbeitest oder ver\u00f6ffentlichst, wird ein zus\u00e4tzlicher Cookie in deinem Browser gespeichert. Dieser Cookie enth\u00e4lt keine personenbezogenen Daten und verweist nur auf die Beitrags-ID des Artikels, den du gerade bearbeitet hast. Der Cookie verf\u00e4llt nach einem Tag.<\/p>\n\n\n\n<h2 class=\"wp-block-heading\" id=\"tracking\">Tracking- und Analysetools<\/h2>\n\n\n\n<p>Wir setzen keinerlei Tracking- und Analysetools ein.<\/p>\n\n\n\n<h2 class=\"wp-block-heading\">Rechtsgrundlagen<\/h2>\n\n\n\n<p>Rechtsgrundlage f\u00fcr die Verarbeitung der Daten der BAG-Mitglieder ist das <a rel=\"noreferrer noopener\" href=\"https:\/\/cms.gruene.de\/uploads\/documents\/BAG-Statut.pdf\" target=\"_blank\">BAG-Statut von B\u00dcNDNIS 90\/DIE GR\u00dcNEN<\/a> in Verbindung mit <a href=\"https:\/\/dsgvo-gesetz.de\/art-6-dsgvo\/\">Art. 6 Abs. 1 lit. a und f<\/a> der <a href=\"https:\/\/dsgvo-gesetz.de\/\">Europ\u00e4ischen Datenschutz-Grundverordnung (DS-GVO)<\/a>. Das berechtigte Interesse an der Verarbeitung besteht in der Erf\u00fcllung der Aufgaben der BAG gem\u00e4\u00df Satzung und BAG-Statut.<\/p>\n\n\n\n<p>Die Daten der Personen, die unser Internet-Angebot nutzen, werden aufgrund eines berechtigten Interesses auf der Grundlage von <a href=\"https:\/\/dsgvo-gesetz.de\/art-6-dsgvo\/\">Art. 6 Abs. 1 lit. f DS-GVO<\/a>&nbsp;verarbeitet. Das berechtigte Interesse an der Verarbeitung besteht hierbei in der Erbringung eines funktionsf\u00e4higen Internet-Angebots.<\/p>\n\n\n\n<p>Zu anderen Zwecken verarbeiten wir deine Daten nur, wenn du eingewilligt hast. Rechtsgrundlage ist dann <a href=\"https:\/\/dsgvo-gesetz.de\/art-6-dsgvo\/\">Art. 6 Abs. 1 lit. a DS-GVO<\/a>. Deine Einwilligung kannst du jederzeit mit Wirkung f\u00fcr die Zukunft widerrufen.<\/p>\n\n\n\n<h2 class=\"wp-block-heading\">Deine Rechte als betroffene Person<\/h2>\n\n\n\n<p>Du hast das Recht, von uns Auskunft \u00fcber die zu deiner Person gespeicherten Daten zu verlangen. Du kannst von uns au\u00dferdem die Berichtigung, L\u00f6schung oder Einschr\u00e4nkung der Verarbeitung deiner Daten verlangen und der Datenverarbeitung aus Gr\u00fcnden, die sich aus deiner besonderen Situation ergeben, widersprechen. Au\u00dferdem kannst du dich bei dem <a href=\"https:\/\/www.bfdi.bund.de\/\" target=\"_blank\" rel=\"noreferrer noopener\">Bundesbeauftragen f\u00fcr den Datenschutz und die Informationsfreiheit<\/a> \u00fcber die Verarbeitung deiner Daten durch uns beschweren, wenn du der Auffassung bist, dass wir gegen datenschutzrechtliche Bestimmungen versto\u00dfen. Wir tun aber unser Bestes, dass wir dir dazu niemals Anlass geben werden.<\/p>\n","protected":false},"excerpt":{"rendered":"<p>Wir sind die Partei des Datenschutzes und der B\u00fcrgerrechte. Daher versuchen wir, so wenige personenbezogene Daten wie m\u00f6glich zu speichern und die Daten dabei bestm\u00f6glich zu sch\u00fctzen. Verantwortliche Stelle f\u00fcr [&hellip;]<\/p>\n","protected":false},"author":3,"featured_media":0,"parent":0,"menu_order":0,"comment_status":"closed","ping_status":"closed","template":"","meta":{"footnotes":""},"class_list":["post-127","page","type-page","status-publish","hentry"],"_links":{"self":[{"href":"https:\/\/gruene-bag-bildung.de\/index.php\/wp-json\/wp\/v2\/pages\/127","targetHints":{"allow":["GET"]}}],"collection":[{"href":"https:\/\/gruene-bag-bildung.de\/index.php\/wp-json\/wp\/v2\/pages"}],"about":[{"href":"https:\/\/gruene-bag-bildung.de\/index.php\/wp-json\/wp\/v2\/types\/page"}],"author":[{"embeddable":true,"href":"https:\/\/gruene-bag-bildung.de\/index.php\/wp-json\/wp\/v2\/users\/3"}],"replies":[{"embeddable":true,"href":"https:\/\/gruene-bag-bildung.de\/index.php\/wp-json\/wp\/v2\/comments?post=127"}],"version-history":[{"count":0,"href":"https:\/\/gruene-bag-bildung.de\/index.php\/wp-json\/wp\/v2\/pages\/127\/revisions"}],"wp:attachment":[{"href":"https:\/\/gruene-bag-bildung.de\/index.php\/wp-json\/wp\/v2\/media?parent=127"}],"curies":[{"name":"wp","href":"https:\/\/api.w.org\/{rel}","templated":true}]}}

<p>Wir sind die Partei des Datenschutzes und der Bürgerrechte. Daher versuchen wir, so wenige personenbezogene Daten wie möglich zu speichern und die Daten dabei bestmöglich zu schützen.</p>



<h2 class="wp-block-heading">Verantwortliche Stelle für die Datenverarbeitung</h2>



<p>BÜNDNIS 90/DIE GRÜNEN<br>BAG Bildung<br>Platz vor dem Neuen Tor 1<br>10115 Berlin<br>E-Mail: <a href="#" data-unscramble="ed.khu-eneurg@gnudlibgab">bagbildung@gruene-uhk.de</a></p>



<p><strong>Den Datenschutzbeauftragten unserer Partei</strong> erreichst Du unter:<br>SCO-CON:SULT, Hauptstraße 27, 53604 Bad Honnef<br>E-Mail: datenschutz@gruene.de<br>Telefon: 02224/988290</p>



<h2 class="wp-block-heading">Betroffene Personen</h2>



<p>Die BAG Bildung erhebt und verarbeitet als verantwortliche Stelle personenbezogene Daten über</p>



<ol class="wp-block-list"><li>die Mitglieder der BAG Bildung,</li><li>Personen, die unser Internet-Angebot nutzen,</li><li>Personen, die uns per E-Mail kontaktieren.</li></ol>



<h2 class="wp-block-heading">Verarbeitungszwecke</h2>



<p>Die Daten werden ausschließlich zur zur Bereitstellung einer funktionsfähigen Internetseite sowie zur Verfolgung der im <a href="https://cms.gruene.de/uploads/documents/BAG-Statut.pdf">BAG-Statut</a> genannten Zwecke verarbeitet.</p>



<h2 class="wp-block-heading">BAG-Mitglieder</h2>



<p>Wenn du Mitglied der BAG Bildung bist, verarbeiten wir in diesem Zusammenhang regelmäßig die folgenden Daten:</p>



<ol class="wp-block-list"><li>deinen Vornamen und deinen Nachnamen,</li><li>den Beginn (und ggf. das Ende) deiner Mitgliedschaft,</li><li>den Status deiner Mitgliedschaft (Delegierte/Ersatzdelegierte),</li><li>die Stelle, die dich delegiert hat,</li><li>deine E-Mail-Adresse.</li></ol>



<p>Diese Daten können von allen anderen Mitgliedern der BAG abgerufen und eingesehen werden.</p>



<p>Wir löschen alle personenbezogenen Daten beim Ende deiner Mitgliedschaft.</p>



<p>Wir geben deine Daten ansonsten nicht ohne deine Einwilligung an Dritte weiter.</p>



<h2 class="wp-block-heading">Nutzung der Internetseite</h2>



<p>Wir haben auf unserem Webserver die Erstellung von Protokolldateien (Logfiles) derzeit ausgeschaltet, so dass bei bloßem Abruf unserer Internetseite keine personenbezogenenen Daten gespeichert werden.</p>



<p>Da das Web-Angebot bei einem Provider gehostet wird, werden die für den Abruf erforderlichen Daten an diesen übertragen. Wir haben uns bewusst für einen Provider entschieden, der Datenschutz besonders ernst nimmt, und mit diesem einen entsprechenden Vertrag zur Auftragsdatenverarbeitung geschlossen.</p>



<h2 class="wp-block-heading" id="contactform">E-Mail-Kontakt</h2>



<p>Schreibst du uns eine <a href="#" data-unscramble="ed.khu-eneurg@gnudlibgab">E-Mail</a>, so erfassen wir deine E-Mail-Adresse sowie den von dir angegebenen Namen zum Zweck der Beantwortung deiner Anfrage und der Verwendung einer geeigneten Ansprache. Du kannst anstelle deines echten Namens selbstverständlich auch ein Pseudonym verwenden. Wir speichern deine E-Mail auf unbestimmte Zeit, um bei künftigen Anfragen von dir auf frühere Vorgänge zurückgreifen zu können. Eine weitergehende Verarbeitung bzw. Nutzung erfolgt nicht.</p>



<h2 class="wp-block-heading">Cookies</h2>



<p>Bei der Nutzung der öffentlichen Teile unserer Internetseite verwenden wir keinerlei Cookies.</p>



<p>Falls du von uns ein Benutzerkonto erhalten hast und dich im WordPress-Bereich dieser Website anmeldest, werden wir ein temporäres Cookie setzen, um festzustellen, ob dein Browser Cookies akzeptiert. Dieses Cookie enthält keine personenbezogenen Daten und wird verworfen, wenn du deinen Browser schließt. Wenn du dich anmeldest, werden wir einige Cookies einrichten, um deine Anmeldeinformationen und Anzeigeoptionen zu speichern. Anmelde-Cookies verfallen nach zwei Tagen und Cookies für die Anzeigeoptionen nach einem Jahr. Falls du bei der Anmeldung „Angemeldet bleiben“ auswählst, wird deine Anmeldung zwei Wochen lang aufrechterhalten. Mit der Abmeldung aus deinem Konto werden die Anmelde-Cookies gelöscht. Wenn du einen Artikel bearbeitest oder veröffentlichst, wird ein zusätzlicher Cookie in deinem Browser gespeichert. Dieser Cookie enthält keine personenbezogenen Daten und verweist nur auf die Beitrags-ID des Artikels, den du gerade bearbeitet hast. Der Cookie verfällt nach einem Tag.</p>



<h2 class="wp-block-heading" id="tracking">Tracking- und Analysetools</h2>



<p>Wir setzen keinerlei Tracking- und Analysetools ein.</p>



<h2 class="wp-block-heading">Rechtsgrundlagen</h2>



<p>Rechtsgrundlage für die Verarbeitung der Daten der BAG-Mitglieder ist das <a rel="noreferrer noopener" href="https://cms.gruene.de/uploads/documents/BAG-Statut.pdf" target="_blank">BAG-Statut von BÜNDNIS 90/DIE GRÜNEN</a> in Verbindung mit <a href="https://dsgvo-gesetz.de/art-6-dsgvo/">Art. 6 Abs. 1 lit. a und f</a> der <a href="https://dsgvo-gesetz.de/">Europäischen Datenschutz-Grundverordnung (DS-GVO)</a>. Das berechtigte Interesse an der Verarbeitung besteht in der Erfüllung der Aufgaben der BAG gemäß Satzung und BAG-Statut.</p>



<p>Die Daten der Personen, die unser Internet-Angebot nutzen, werden aufgrund eines berechtigten Interesses auf der Grundlage von <a href="https://dsgvo-gesetz.de/art-6-dsgvo/">Art. 6 Abs. 1 lit. f DS-GVO</a>&nbsp;verarbeitet. Das berechtigte Interesse an der Verarbeitung besteht hierbei in der Erbringung eines funktionsfähigen Internet-Angebots.</p>



<p>Zu anderen Zwecken verarbeiten wir deine Daten nur, wenn du eingewilligt hast. Rechtsgrundlage ist dann <a href="https://dsgvo-gesetz.de/art-6-dsgvo/">Art. 6 Abs. 1 lit. a DS-GVO</a>. Deine Einwilligung kannst du jederzeit mit Wirkung für die Zukunft widerrufen.</p>



<h2 class="wp-block-heading">Deine Rechte als betroffene Person</h2>



<p>Du hast das Recht, von uns Auskunft über die zu deiner Person gespeicherten Daten zu verlangen. Du kannst von uns außerdem die Berichtigung, Löschung oder Einschränkung der Verarbeitung deiner Daten verlangen und der Datenverarbeitung aus Gründen, die sich aus deiner besonderen Situation ergeben, widersprechen. Außerdem kannst du dich bei dem <a href="https://www.bfdi.bund.de/" target="_blank" rel="noreferrer noopener">Bundesbeauftragen für den Datenschutz und die Informationsfreiheit</a> über die Verarbeitung deiner Daten durch uns beschweren, wenn du der Auffassung bist, dass wir gegen datenschutzrechtliche Bestimmungen verstoßen. Wir tun aber unser Bestes, dass wir dir dazu niemals Anlass geben werden.</p>

<p>Wir sind die Partei des Datenschutzes und der Bürgerrechte. Daher versuchen wir, so wenige personenbezogene Daten wie möglich zu speichern und die Daten dabei bestmöglich zu schützen. Verantwortliche Stelle für [&hellip;]</p>
