{"id":12,"date":"2021-09-21T13:00:31","date_gmt":"2021-09-21T11:00:31","guid":{"rendered":"https:\/\/wordpress02.gcms.verdigado.net\/gruene-bag-bildung\/?page_id=12"},"modified":"2024-11-25T13:45:18","modified_gmt":"2024-11-25T12:45:18","slug":"positionen","status":"publish","type":"page","link":"https:\/\/gruene-bag-bildung.de\/index.php\/positionen\/","title":{"rendered":"Positionen der  BAG Bildung"},"content":{"rendered":"\n<div class=\"wp-block-columns is-layout-flex wp-container-core-columns-is-layout-9d6595d7 wp-block-columns-is-layout-flex\">\n<div class=\"wp-block-column is-layout-flow wp-block-column-is-layout-flow\">\n<hr class=\"wp-block-separator has-alpha-channel-opacity\"\/>\n\n\n\n<h2 class=\"wp-block-heading\">Positionspapier &#8222;KI in der Schule&#8220;<\/h2>\n\n\n\n<p>17.11.2024<\/p>\n\n\n\n<p>In einer Zeit, in der Technologie unsere Welt in einem beispiellosen Tempo ver\u00e4ndert, stehen Schulen vor einer entscheidenden Herausforderung: Wie k\u00f6nnen wir sicherstellen, dass alle Sch\u00fclerinnen und Sch\u00fcler gleicherma\u00dfen von den Potenzialen des technologischen Fortschritts profitieren und vor ihren negativen Auswirkungen gesch\u00fctzt werden? Es gab in der Vergangenheit immer wieder technische Entwicklungen, die das Lernen und Lehren nicht nur in Schulen ver\u00e4ndert haben. Noch ist der Einfluss der letzten Digitalisierungsphase nicht bew\u00e4ltigt, schon w\u00e4lzen generative KI-Systeme, der n\u00e4chste Schritt der Digitalisierung, das Lernen und Lehren weiter um. Mit dieser Situation haben wir uns intensiv auseinandergesetzt und Positionen formuliert, die sowohl die notwendigen technischen und organisatorischen Rahmenbedingungen , als auch die aus unserer Sicht zwingenden notwendigen Entwicklungsprozesse in Schulen und die Ziele und Ideale eines modernen Bildungssystems beschreiben, um den Sch\u00fclerInnen gerecht werden zu k\u00f6nnen.<\/p>\n\n\n\n<p><a href=\"https:\/\/gruene-bag-bildung.de\/wp-content\/uploads\/2024\/11\/2024_11_08_KI_Position-der-BAG-Bildung_final.pdf\">Hier nachlesen.<\/a><\/p>\n<\/div>\n<\/div>\n\n\n\n<hr class=\"wp-block-separator has-alpha-channel-opacity\"\/>\n\n\n\n<div class=\"wp-block-columns is-layout-flex wp-container-core-columns-is-layout-9d6595d7 wp-block-columns-is-layout-flex\">\n<div class=\"wp-block-column is-layout-flow wp-block-column-is-layout-flow\">\n<div class=\"wp-block-columns is-layout-flex wp-container-core-columns-is-layout-9d6595d7 wp-block-columns-is-layout-flex\">\n<div class=\"wp-block-column is-layout-flow wp-block-column-is-layout-flow\">\n<div class=\"wp-block-columns is-layout-flex wp-container-core-columns-is-layout-9d6595d7 wp-block-columns-is-layout-flex\">\n<div class=\"wp-block-column is-layout-flow wp-block-column-is-layout-flow\">\n<h3 class=\"wp-block-heading\"><strong>Berufsbildung ist ein Gr\u00fcnes Handlungsfeld<\/strong><\/h3>\n\n\n\n<p>17.11.2023<\/p>\n\n\n\n<p>In einem <a href=\"https:\/\/gruene-bag-bildung.de\/wp-content\/uploads\/2023\/11\/Beschluss_PositionBeruflicheBildung_BAG-Bildung_2023-11-17-final.pdf\">Impulspapier<\/a>, welches von unserer Fokusgruppe Berufliche Bildung erarbeitet wurde, beschreiben wir die Bedeutung der beruflichen Bildung als wichtiges Handlungsfeld gr\u00fcner (Bildungs-)Politik. Der Beschluss ist eine \u201eKurzversion\u201c eines l\u00e4ngeren Hintergrundpapiers mit ausf\u00fchrlicheren Erl\u00e4uterungen und Einordnungen, dass noch abgestimmt wird.<\/p>\n\n\n\n<hr class=\"wp-block-separator has-alpha-channel-opacity\"\/>\n\n\n\n<h3 class=\"wp-block-heading\"><strong>POTSDAMER ERKL\u00c4RUNG<\/strong><\/h3>\n\n\n\n<p>24.03.2022<\/p>\n\n\n\n<p>Als Gr\u00fcne BAG Bildung unterst\u00fctzen wir die Potsdamer Erkl\u00e4rung vom <a href=\"https:\/\/www.flexible-oberstufe.de\/\">&#8222;B\u00fcndnis f\u00fcr ein zukunftsf\u00e4higes Abitur&#8220;<\/a>. Diese k\u00f6nnt ihr <a href=\"https:\/\/gruene-bag-bildung.de\/wp-content\/uploads\/2023\/03\/PotsdamerErklaerung_20.3.2023-final.pdf\">hier nachlesen.<\/a><\/p>\n\n\n\n<hr class=\"wp-block-separator has-alpha-channel-opacity\"\/>\n<\/div>\n\n\n\n<div class=\"wp-block-column is-layout-flow wp-block-column-is-layout-flow\">\n<h3 class=\"wp-block-heading\"><strong>Bildungspolitik geh\u00f6rt in GR\u00dcNE Hand<\/strong><\/h3>\n\n\n\n<p>01.07.2023<\/p>\n\n\n\n<p>Mit unserem <a href=\"https:\/\/gruene-bag-bildung.de\/wp-content\/uploads\/2023\/09\/2023-07-01-Positionspapier-BAG-Bildung-in-Gruene-Hand.pdf\">Beschluss<\/a> machen wir deutlich, dass das Politikfeld Bildung bei uns GR\u00dcNEN dringend einen h\u00f6heren Stellenwert bekommen muss, auch strukturell. Die Bedeutung von Bildung f\u00fcr viele andere Politikbereiche r\u00fcckt zu langsam ins Bewusstsein; immerhin gibt es mittlerweile wieder zwei gr\u00fcne Kultusministerinnen. Vor dem Hintergrund, dass wir in zw\u00f6lf Bundesl\u00e4ndern mitregieren, sind das aber immer noch viel zu wenig. Mit diesem Text wollen wir dazu ermutigen, den die Zukunft bestimmenden Bereich Bildung viel st\u00e4rker als elementar wahrzunehmen und verantwortlich zu gestalten. Denn gute Bildungspolitik f\u00fchrt auch zu nachhaltigem Erfolg in anderen Politikfeldern und sie ist eine wesentliche Form der Sozialpolitik!<\/p>\n\n\n\n<p><a href=\"https:\/\/gruene-bag-bildung.de\/wp-content\/uploads\/2023\/09\/2023-07-01-Positionspapier-BAG-Bildung-in-Gruene-Hand.pdf\">Hier nachlesen.<\/a><\/p>\n<\/div>\n<\/div>\n\n\n\n<h3 class=\"wp-block-heading has-text-align-left\"><strong>Positionspapier: Eckpunkte\/Gelingensbedingungen Startchancenprogramm<\/strong><\/h3>\n\n\n\n<p class=\"has-text-align-left\">29.11.2022<\/p>\n\n\n\n<p>Mit dem <a href=\"https:\/\/gruene-bag-bildung.de\/wp-content\/uploads\/2022\/11\/BAG-Position-Eckpunkte-Start-Chancen-Programm_28.11.22.pdf\">Positionspapier <\/a>wenden wir uns an die Landesarbeitsgemeinschaften Bildung von B\u00dcNDNIS 90\/DIE GR\u00dcNEN in den L\u00e4ndern, die bildungspolitischen Sprecher*Innen B\u00dcNDNIS 90\/DIE GR\u00dcNEN in den Landtagen und Parlamenten und die interessierte \u00d6ffentlichkeit. Kernziel bei der weiteren Ausgestaltung des Startchancenprogramms ist f\u00fcr uns das Thema Fokussierung auf die Grundschule und Einbettung der Chancenbudgets in professionelle Unterrichts- und Schulentwicklung mit klarer Beschreibung von Basiskompetenzen, die die Sch\u00fclerInnen erreichen sollen. <a href=\"https:\/\/gruene-bag-bildung.de\/wp-content\/uploads\/2022\/11\/BAG-Position-Eckpunkte-Start-Chancen-Programm_28.11.22.pdf\">Hier nachlesen.<\/a><\/p>\n<\/div>\n<\/div>\n\n\n\n<hr class=\"wp-block-separator has-alpha-channel-opacity\"\/>\n<\/div>\n<\/div>\n\n\n\n<div class=\"wp-block-columns is-layout-flex wp-container-core-columns-is-layout-9d6595d7 wp-block-columns-is-layout-flex\">\n<div class=\"wp-block-column is-layout-flow wp-block-column-is-layout-flow\">\n<h3 class=\"wp-block-heading\"><strong>Impulspapier zum Umgang mit Corona bedingten Schul- und Kitaschlie\u00dfungen<\/strong><\/h3>\n\n\n\n<p>18.04.2020<\/p>\n\n\n\n<p>Dieses <a href=\"https:\/\/www.gruene.de\/artikel\/impulspapier-zum-umgang-mit-corona-bedingten-schul-und-kitaschliessungen\">Impulspapier <\/a>erhebt keinen Anspruch auf Vollst\u00e4ndigkeit und traut sich, auch unorthodoxe Gedanken festzuhalten. Es ist ein Debattenansto\u00df oder ein Steinbruch \u2013 es schlie\u00dft nichts ab, sondern l\u00e4dt ein. Erarbeitet wurde es vom Bundesvorsitzenden Robert Habeck und den bildungspolitischen Sprecher*innen der Gr\u00fcnen auf Bundes- und Landesebene.<\/p>\n<\/div>\n\n\n\n<div class=\"wp-block-column is-layout-flow wp-block-column-is-layout-flow\">\n<h3 class=\"wp-block-heading\"><strong>D\u00fcsseldorfer Erkl\u00e4rung : Erweiterte Selbst\u00e4ndigkeit und Verantwortungs\u00fcbernahme in einer lernenden Schule<\/strong><\/h3>\n\n\n\n<p>30.11.2019<\/p>\n\n\n\n<p><a href=\"https:\/\/wordpress16.gcms.verdigado.net\/wp-content\/uploads\/2021\/11\/Duesseldorfer_Erklaerung_Selbststandige_Schule_BAG_19-_11-08__final3.pdf\">Positionspapier <\/a>zum Konzept der selbstst\u00e4ndigen* Schule \u2013 beschlossen durch die Bundesarbeitsgemeinschaft B\u00fcndnis 90\/Die GR\u00dcNEN am 8. November 2019 in D\u00fcsseldorf<\/p>\n<\/div>\n<\/div>\n\n\n\n<hr class=\"wp-block-separator has-css-opacity\"\/>\n\n\n\n<div class=\"wp-block-columns is-layout-flex wp-container-core-columns-is-layout-9d6595d7 wp-block-columns-is-layout-flex\">\n<div class=\"wp-block-column is-layout-flow wp-block-column-is-layout-flow\">\n<h3 class=\"wp-block-heading\"><strong>Beschluss: Schulen bauen f\u00fcr das 21. Jahrhundert &#8211; jetzt!<a href=\"https:\/\/web.archive.org\/web\/20211127200057\/https:\/\/gruene-bag-bildung.de\/positionen\/positionen-volltext\/article\/beschluss_schulen_bauen_fuer_das_21_jahrhundert_jetzt\/\"><\/a><\/strong><\/h3>\n\n\n\n<p><a href=\"https:\/\/wordpress16.gcms.verdigado.net\/wp-content\/uploads\/2021\/12\/171117_Beschluss_der_BAG_Bildung_zu_Schulbau.pdf\">Beschluss der BAG Bildung vom 18.11.2017<\/a><\/p>\n<\/div>\n<\/div>\n\n\n\n<hr class=\"wp-block-separator has-css-opacity\"\/>\n\n\n\n<div class=\"wp-block-columns is-layout-flex wp-container-core-columns-is-layout-9d6595d7 wp-block-columns-is-layout-flex\">\n<div class=\"wp-block-column is-layout-flow wp-block-column-is-layout-flow\">\n<h3 class=\"wp-block-heading\"><strong>Beschluss zum Umgang mit Religionsunterricht in den Schulen<a href=\"https:\/\/gruene-bag-bildung.de\/wp-content\/uploads\/2021\/12\/20150613_Positionspapier_Religionsunterricht_BAG_Bildung.pdf\"><\/a><\/strong><\/h3>\n\n\n\n<p><a href=\"https:\/\/wordpress16.gcms.verdigado.net\/wp-content\/uploads\/2021\/12\/20150613_Positionspapier_Religionsunterricht_BAG_Bildung.pdf\">Beschluss der BAG Bildung B90\/Gr\u00fcne vom 13.6.2015<\/a><\/p>\n<\/div>\n\n\n\n<div class=\"wp-block-column is-layout-flow wp-block-column-is-layout-flow\">\n<h3 class=\"wp-block-heading\"><strong>Beschluss zur KMK Strategie zum Bildungsmonitoring<a href=\"https:\/\/www.kmk.org\/fileadmin\/Dateien\/pdf\/KMK\/SWK\/2022\/SWK-2022-Impulspapier_Monitoring.pdf\"><\/a><\/strong><\/h3>\n\n\n\n<p><a href=\"https:\/\/wordpress16.gcms.verdigado.net\/wp-content\/uploads\/2021\/12\/2014-KMK_Gesamtstrategie.pdf\">Beschluss der BAG-Bildung B90\/Gr\u00fcne vom 21.6.2014<\/a><\/p>\n<\/div>\n<\/div>\n\n\n\n<hr class=\"wp-block-separator has-alpha-channel-opacity\"\/>\n\n\n\n<div class=\"wp-block-columns is-layout-flex wp-container-core-columns-is-layout-9d6595d7 wp-block-columns-is-layout-flex\">\n<div class=\"wp-block-column is-layout-flow wp-block-column-is-layout-flow\">\n<h3 class=\"wp-block-heading\"><strong>PL\u00c4DOYER f\u00fcr eine partnerschaftliche Schulpolitik &#8211; L\u00e4ngeres gemeinsames<br>Lernen erm\u00f6glichen<\/strong><\/h3>\n\n\n\n<p>Bildungspolitik ist ein komplexes und umstrittenes Feld. Uns ist bewusst, dass gute Schulen<br>nicht von oben verordnet, sondern nur erm\u00f6glicht und unten entwickelt werden k\u00f6nnen.<\/p>\n\n\n\n<p><a href=\"https:\/\/gruene-bag-bildung.de\/wp-content\/uploads\/2023\/06\/2012-07-03-Positionspapier-BAG-Bildung-partnerschaftliche-Schulpolitik.pdf\">Beschluss aus dem Jahr 2012<\/a><\/p>\n<\/div>\n\n\n\n<div class=\"wp-block-column is-layout-flow wp-block-column-is-layout-flow\">\n<h3 class=\"wp-block-heading\"><strong>GR\u00dcNE Eckpunkte zur Lehrer*innenbildung<\/strong><\/h3>\n\n\n\n<p>Im Jahr 2020 wird die Schullandschaft eine andere sein als heute: In vielen Bundesl\u00e4ndern<br>wird das dreigliedrige Schulsystem durch ein Zwei-S\u00e4ulen-Modell ersetzt worden sein.<\/p>\n\n\n\n<p><a href=\"https:\/\/gruene-bag-bildung.de\/wp-content\/uploads\/2023\/06\/LehrerInnenbildung-Leseversion-Final-22.2.2014.pdf\">Beschluss aus dem Jahr 2014<\/a><\/p>\n<\/div>\n<\/div>\n\n\n\n<hr class=\"wp-block-separator has-css-opacity\"\/>\n\n\n\n<div class=\"wp-block-columns is-layout-flex wp-container-core-columns-is-layout-9d6595d7 wp-block-columns-is-layout-flex\">\n<div class=\"wp-block-column is-layout-flow wp-block-column-is-layout-flow\">\n<h3 class=\"wp-block-heading\"><strong>Gesamtstaatliche Verantwortung f\u00fcr Bildung st\u00e4rken<\/strong><\/h3>\n\n\n\n<p>Auf der Bundesdelegiertenkonferenz am 19.-21. November 2010 in Freiburg haben B\u00dcNDNIS 90\/DIE<br>GR\u00dcNEN beschlossen, dass Bund, L\u00e4ndern und Gemeinden im Bildungsbereich gemeinsam Verantwortung \u00fcbernehmen sollen. Deshalb setzt sich die Partei f\u00fcr die Abschaffung des&nbsp; Kooperationsverbotes durch eine Verfassungs\u00e4nderung ein<\/p>\n\n\n\n<p><a href=\"https:\/\/wordpress16.gcms.verdigado.net\/wp-content\/uploads\/2021\/12\/20101105_Position_zu_Schulen_in_freier_Traegerschaft.pdf\">Beschluss aus dem Jahr 2010<\/a><\/p>\n<\/div>\n\n\n\n<div class=\"wp-block-column is-layout-flow wp-block-column-is-layout-flow\">\n<h3 class=\"wp-block-heading\"><strong>Position von B\u00fcndnis90\/Die Gr\u00fcnen zu Schulen in freier Tr\u00e4gerschaft<\/strong><\/h3>\n\n\n\n<p>Schulen in freier Tr\u00e4gerschaft sind ein Element einer Zivilgesellschaft, in der B\u00fcrgerinnen und B\u00fcrger in wichtigen gesellschaftlichen Fragen Mitverantwortung \u00fcbernehmen. Die Gr\u00fcndung und das Betreiben von Schulen in freier Tr\u00e4gerschaft kann Ausdruck eines aktiven B\u00fcrgerengagements und ein St\u00fcck gelebte Demokratie sein. <a href=\"https:\/\/gruene-bag-bildung.de\/wp-content\/uploads\/2021\/12\/20101105_Position_zu_Schulen_in_freier_Traegerschaft.pdf\"><\/a><\/p>\n\n\n\n<p><a href=\"https:\/\/wordpress16.gcms.verdigado.net\/wp-content\/uploads\/2021\/12\/20101120_BDK-Beschluss_-_Gesamtstaatliche_Verantwortung_fuer_Bildung_staerken.pdf\">Beschluss aus dem Jahr 2010<\/a><\/p>\n<\/div>\n<\/div>\n\n\n\n<hr class=\"wp-block-separator has-css-opacity\"\/>\n\n\n\n<div class=\"wp-block-columns is-layout-flex wp-container-core-columns-is-layout-9d6595d7 wp-block-columns-is-layout-flex\">\n<div class=\"wp-block-column is-layout-flow wp-block-column-is-layout-flow\">\n<h3 class=\"wp-block-heading\"><strong>Lehrermangel und nicht ausreichende Lehrer-qualifikation: B\u00fcndnis 90\/ DIE GR\u00dcNEN schlagen Sofortma\u00dfnahmen vor!<\/strong><\/h3>\n\n\n\n<p>Eine spannende Aufgabe f\u00fcr kreative K\u00f6pfe: Gerade weil Bildung f\u00fcr unsere Gesellschaft eine so gro\u00dfe Bedeutung hat, wollen wir die besten K\u00f6pfe f\u00fcr den Lehrberuf gewinnen, sie daf\u00fcr begeistern, die Herausforderung zu ergreifen, die dringenden Reformen mitzugestalten und vor Ort umzusetzen.<\/p>\n\n\n\n<p><a href=\"https:\/\/wordpress16.gcms.verdigado.net\/wp-content\/uploads\/2021\/12\/Lehrermangel-und-nicht-ausreichende-Lehrerqualifikation.pdf\">Beschluss aus dem Jahr 2010<\/a><\/p>\n<\/div>\n<\/div>\n\n\n\n<hr class=\"wp-block-separator has-css-opacity\"\/>\n\n\n\n<div class=\"wp-block-columns is-layout-flex wp-container-core-columns-is-layout-9d6595d7 wp-block-columns-is-layout-flex\">\n<div class=\"wp-block-column is-layout-flow wp-block-column-is-layout-flow\">\n<h3 class=\"wp-block-heading\"><strong>Kieler Erkl\u00e4rung der Fraktionsvorsitzenden der gr\u00fcnen Landtagsfraktionen<\/strong><\/h3>\n\n\n\n<p>Bildung steht f\u00fcr alle gr\u00fcnen Landtagsfraktionen im Mittelpunkt ihrer Politik.Bildung entwickelt die F\u00e4higkeit jedes Menschen, selbstst\u00e4ndig das Leben zu gestalten und Verantwortung zu \u00fcbernehmen<\/p>\n\n\n\n<p><a href=\"https:\/\/wordpress16.gcms.verdigado.net\/wp-content\/uploads\/2021\/12\/Kieler-Erklaerung-der-Fraktionsvorsitzenden-der-gruenen-Landtagsfraktionen.pdf\">Beschluss aus dem Jahr 2005<\/a><\/p>\n<\/div>\n\n\n\n<div class=\"wp-block-column is-layout-flow wp-block-column-is-layout-flow\">\n<h3 class=\"wp-block-heading\"><strong>Fr\u00fcher und individueller f\u00f6rdern!<\/strong><\/h3>\n\n\n\n<p>Die Ergebnisse der PISA-Erg\u00e4nzungsstudie lassen nur einen Schluss zu: In Deutschland gibt es noch immer zu viele Bildungsverlierer. Wer aus einer bildungsfernen Familie kommt, hat immer weniger Chancen auf eine gute Schulausbildung. Gegen diesen Skandal setzen wir gr\u00fcne Rezepte.<\/p>\n\n\n\n<p><a href=\"https:\/\/wordpress16.gcms.verdigado.net\/wp-content\/uploads\/2021\/12\/200511_Position__PISA-1.pdf\">Beschluss aus dem Jahr 2005<\/a><\/p>\n<\/div>\n<\/div>\n\n\n\n<hr class=\"wp-block-separator has-css-opacity\"\/>\n\n\n\n<div class=\"wp-block-columns is-layout-flex wp-container-core-columns-is-layout-9d6595d7 wp-block-columns-is-layout-flex\">\n<div class=\"wp-block-column is-layout-flow wp-block-column-is-layout-flow\">\n<h3 class=\"wp-block-heading\"><strong>Lehrerinnen und Lehrer st\u00e4rken \u2013 die Profession entwickeln<\/strong><\/h3>\n\n\n\n<p>Mit der Politik f\u00fcr eine \u201eneue Schule\u201c muss die Entwicklung eines neuen LehrerInnenleitbildes einhergehen, das die notwendigen politischen Rahmenbedingungen f\u00fcr erfolgreiches zukunftsorientiertes Arbeiten in der Schule benennt.<\/p>\n\n\n\n<p><a href=\"https:\/\/wordpress16.gcms.verdigado.net\/wp-content\/uploads\/2021\/12\/20070609_Lehrerinnen_und_Lehrer_staerken_-_die_Profession_entwickeln.pdf\">Beschluss aus dem Jahr 2007<\/a><\/p>\n<\/div>\n\n\n\n<div class=\"wp-block-column is-layout-flow wp-block-column-is-layout-flow\">\n<h3 class=\"wp-block-heading\"><strong>Bildung und Migration<\/strong><\/h3>\n\n\n\n<p>Die Bundesrepublik Deutschland hat noch heute gro\u00dfe Schwierigkeiten, sich als Einwanderungsland zu definieren, obwohl die demographische Entwicklung zeigt, dass wir de facto l\u00e4ngst ein Einwanderungsland mit einer multikulturell zusammen gesetzten Bev\u00f6lkerung geworden sind.<\/p>\n\n\n\n<p><a href=\"https:\/\/wordpress16.gcms.verdigado.net\/wp-content\/uploads\/2021\/12\/20040215_Bildungspolitik_und_Migration.pdf\">Beschluss aus dem Jahr 2004<\/a><\/p>\n<\/div>\n<\/div>\n\n\n\n<hr class=\"wp-block-separator has-css-opacity\"\/>\n\n\n\n<div class=\"wp-block-columns is-layout-flex wp-container-core-columns-is-layout-9d6595d7 wp-block-columns-is-layout-flex\">\n<div class=\"wp-block-column is-layout-flow wp-block-column-is-layout-flow\">\n<h3 class=\"wp-block-heading\"><strong>Bildungspolitik im F\u00f6deralismus<\/strong><\/h3>\n\n\n\n<p>Die Diskussion um den F\u00f6deralismus geht jetzt in eine neue Runde. Zwischen dem Bund und den&nbsp; L\u00e4ndern soll in einer Kommission die Kompetenzfrage \u201eWer ist f\u00fcr was zust\u00e4ndig, entscheidet und finanziert?\u201c neu gekl\u00e4rt werden.<\/p>\n\n\n\n<p><a href=\"https:\/\/wordpress16.gcms.verdigado.net\/wp-content\/uploads\/2021\/12\/20040115_Bildungspolitik_im_Foederalismus.pdf\">Beschluss aus dem Jahr 2004<\/a><\/p>\n<\/div>\n\n\n\n<div class=\"wp-block-column is-layout-flow wp-block-column-is-layout-flow\">\n<h3 class=\"wp-block-heading\"><strong>Bildungsstandards und Bildungsreform<\/strong><\/h3>\n\n\n\n<p>Die Befunde der empirischen Bildungsforschung, besonders nach \u201ePISA\u201c, machen in Bezug auf das deutsche Schulsystem die bisherigen Vers\u00e4umnisse deutlich.<\/p>\n\n\n\n<p><a href=\"https:\/\/wordpress16.gcms.verdigado.net\/wp-content\/uploads\/2021\/12\/200511_Position__PISA.pdf\">Beschluss aus dem Jahr 2005<\/a><\/p>\n<\/div>\n<\/div>\n\n\n\n<hr class=\"wp-block-separator has-css-opacity\"\/>\n\n\n\n<div class=\"wp-block-columns is-layout-flex wp-container-core-columns-is-layout-9d6595d7 wp-block-columns-is-layout-flex\">\n<div class=\"wp-block-column is-layout-flow wp-block-column-is-layout-flow\">\n<h3 class=\"wp-block-heading\"><strong>Strategien zur Ver\u00e4nderung der Unterrichtkultur und Schulstruktur<\/strong><\/h3>\n\n\n\n<p>Angesichts der erneuerten Diskussion nach der Ver\u00f6ffentlichung der IGLU-Studie wollen wir noch einmal zugespitzt unsere Vorstellungen einer kind- und leistungsgerechten Schule und insbesondere die n\u00f6tigen Schritte zur Entwicklung dieser Schule darlegen.<\/p>\n\n\n\n<p><a href=\"https:\/\/wordpress16.gcms.verdigado.net\/wp-content\/uploads\/2021\/12\/Strategien-zur-Veraenderung-der-Unterrichtkultur-und-Schulstruktur.pdf\">Beschluss aus dem Jahr 2003<\/a><\/p>\n<\/div>\n\n\n\n<div class=\"wp-block-column is-layout-flow wp-block-column-is-layout-flow\">\n<h3 class=\"wp-block-heading\"><strong>Bildung in der fr\u00fchen Kindheit<\/strong><\/h3>\n\n\n\n<p>Bildungspolitische Priorit\u00e4ten m\u00fcssen neu bestimmt werden, wenn den fr\u00fchen Bildungsprozessen die Wertsch\u00e4tzung und die F\u00f6rderung zuteil werden sollen, die sie verdienen.<\/p>\n\n\n\n<p><a href=\"https:\/\/wordpress16.gcms.verdigado.net\/wp-content\/uploads\/2021\/12\/20030920_Bildung_in_der_fruehen_Kindheit.pdf\">Beschluss aus dem Jahr 2003<\/a><\/p>\n<\/div>\n<\/div>\n\n\n\n<hr class=\"wp-block-separator has-css-opacity\"\/>\n\n\n\n<div class=\"wp-block-columns is-layout-flex wp-container-core-columns-is-layout-9d6595d7 wp-block-columns-is-layout-flex\">\n<div class=\"wp-block-column is-layout-flow wp-block-column-is-layout-flow\">\n<h3 class=\"wp-block-heading\"><strong>Ganztagsschule hat Zukunft<\/strong><\/h3>\n\n\n\n<p>Die schlechten deutschen Ergebnisse bei PISA haben der Diskussion zur Ganztagsschule neuen Schwung gegeben. Eltern, Lehrer, Vertreterinnen und Vertreter fast aller gesellschaftlichen Gruppen sowie alle politischen Parteien nehmen Ganztagsschule heute als Chance wahr.<\/p>\n\n\n\n<p><a href=\"https:\/\/wordpress16.gcms.verdigado.net\/wp-content\/uploads\/2021\/12\/20030228_In_der_Krise_die_Chancen_nutzen_-_Ganztagsschule_hat_Zukunft.pdf\">Beschluss aus dem Jahr 2003<\/a><\/p>\n<\/div>\n\n\n\n<div class=\"wp-block-column is-layout-flow wp-block-column-is-layout-flow\">\n<h3 class=\"wp-block-heading\"><strong>\u00d6ffnung von Schule<\/strong><\/h3>\n\n\n\n<p>Bildung, die f\u00fcr die Zukunft bef\u00e4higen soll, muss auch zur Bew\u00e4ltigung der Gegenwart beitragen. Ziel aller Ver\u00e4nderungsbestrebungen ist die Verbesserung der Lernbedingungen und Lernergebnisse der Sch\u00fclerInnen.<\/p>\n\n\n\n<p><a href=\"https:\/\/wordpress16.gcms.verdigado.net\/wp-content\/uploads\/2021\/12\/20020110_OEffnung_von_Schule.pdf\">Beschluss aus dem Jahr 2002<\/a><\/p>\n<\/div>\n<\/div>\n","protected":false},"excerpt":{"rendered":"<p>Positionspapier &#8222;KI in der Schule&#8220; 17.11.2024 In einer Zeit, in der Technologie unsere Welt in einem beispiellosen Tempo ver\u00e4ndert, stehen Schulen vor einer entscheidenden Herausforderung: Wie k\u00f6nnen wir sicherstellen, dass [&hellip;]<\/p>\n","protected":false},"author":3,"featured_media":0,"parent":0,"menu_order":0,"comment_status":"closed","ping_status":"closed","template":"","meta":{"footnotes":""},"class_list":["post-12","page","type-page","status-publish","hentry"],"_links":{"self":[{"href":"https:\/\/gruene-bag-bildung.de\/index.php\/wp-json\/wp\/v2\/pages\/12","targetHints":{"allow":["GET"]}}],"collection":[{"href":"https:\/\/gruene-bag-bildung.de\/index.php\/wp-json\/wp\/v2\/pages"}],"about":[{"href":"https:\/\/gruene-bag-bildung.de\/index.php\/wp-json\/wp\/v2\/types\/page"}],"author":[{"embeddable":true,"href":"https:\/\/gruene-bag-bildung.de\/index.php\/wp-json\/wp\/v2\/users\/3"}],"replies":[{"embeddable":true,"href":"https:\/\/gruene-bag-bildung.de\/index.php\/wp-json\/wp\/v2\/comments?post=12"}],"version-history":[{"count":18,"href":"https:\/\/gruene-bag-bildung.de\/index.php\/wp-json\/wp\/v2\/pages\/12\/revisions"}],"predecessor-version":[{"id":922,"href":"https:\/\/gruene-bag-bildung.de\/index.php\/wp-json\/wp\/v2\/pages\/12\/revisions\/922"}],"wp:attachment":[{"href":"https:\/\/gruene-bag-bildung.de\/index.php\/wp-json\/wp\/v2\/media?parent=12"}],"curies":[{"name":"wp","href":"https:\/\/api.w.org\/{rel}","templated":true}]}}